{"id":6668,"date":"2024-06-14T20:54:12","date_gmt":"2024-06-14T19:54:12","guid":{"rendered":"https:\/\/www.ajecta.fr\/?page_id=6668"},"modified":"2026-03-31T18:29:08","modified_gmt":"2026-03-31T17:29:08","slug":"jep-2024","status":"publish","type":"page","link":"https:\/\/www.ajecta.fr\/?page_id=6668","title":{"rendered":"Trains des \u0152ufs de P\u00e2ques 2026"},"content":{"rendered":"<div class=\"wp-block-image\">\n<figure class=\"aligncenter size-large\"><img loading=\"lazy\" decoding=\"async\" width=\"724\" height=\"1024\" src=\"https:\/\/www.ajecta.fr\/wp-content\/uploads\/2026\/03\/Paques1red-724x1024.jpg\" alt=\"\" class=\"wp-image-7578\" srcset=\"https:\/\/www.ajecta.fr\/wp-content\/uploads\/2026\/03\/Paques1red-724x1024.jpg 724w, https:\/\/www.ajecta.fr\/wp-content\/uploads\/2026\/03\/Paques1red-212x300.jpg 212w, https:\/\/www.ajecta.fr\/wp-content\/uploads\/2026\/03\/Paques1red.jpg 768w\" sizes=\"auto, (max-width: 724px) 100vw, 724px\" \/><\/figure><\/div>\n\n\n<p class=\"has-text-align-center\">Trains Vapeur Longueville &#8211; Provins, Aller et Retour<\/p>\n\n\n\n<p>Le Mus\u00e9e sera ouvert de 10h30 \u00e0 17h30 (entr\u00e9e 5\u20ac, gratuit pour les voyageurs des trains).<\/p>\n\n\n\n<h2 class=\"wp-block-heading has-white-color has-text-color\"><\/h2>\n\n\n\n<p><strong>TRAIN A VAPEUR LONGUEVILLE \/ PROVINS<\/strong><\/p>\n\n\n\n<p><\/p>\n\n\n\n<p>Un magnifique voyage dans la rame historique, des voitures voyageurs des ann\u00e9es 1920, tract\u00e9es par une locomotive \u00e0 vapeur de 1916.<\/p>\n\n\n\n<p>2 Allers retours, le samedi et le dimanche, entre le d\u00e9p\u00f4t de Longueville et la gare de Provins.<\/p>\n\n\n\n<p>15\u20ac l&rsquo;aller retour (8\u20ac pour les jeunes de 6 \u00e0 11 ans, gratuit pour les moins de 6 ans)<\/p>\n\n\n\n<p><strong>Dimanche et Lundi. D\u00e9part du d\u00e9p\u00f4t de Longueville \u00e0  13h15 et 15h00 (heure limite d&#8217;embarquement).<\/strong><\/p>\n\n\n\n<p><strong>Dur\u00e9e du voyage : 1h15  (aller &amp; retour)<\/strong><\/p>\n\n\n\n<figure class=\"wp-block-table\"><table class=\"has-fixed-layout\"><tbody><tr><td><\/td><td>Train <strong>N\u00b01<\/strong><\/td><td><\/td><td><\/td><td>Train <strong>N\u00b02<\/strong><\/td><td><\/td><td><\/td><\/tr><tr><td><\/td><td>Aller<\/td><td>Retour<\/td><td><\/td><td>Aller<\/td><td>Retour<\/td><td><\/td><\/tr><tr><td>Longueville<\/td><td>13h30<\/td><td><\/td><td><\/td><td>15h13<\/td><td><\/td><td><\/td><\/tr><tr><td>Provins<\/td><td>13h43<\/td><td>14h25<\/td><td><\/td><td>15h28<\/td><td>16h15<\/td><td><\/td><\/tr><tr><td>Longueville<\/td><td><\/td><td>14h37<\/td><td><\/td><td><\/td><td>16h30<\/td><td><\/td><\/tr><tr><td><\/td><td><\/td><td><\/td><td><\/td><td><\/td><td><\/td><td><\/td><\/tr><\/tbody><\/table><\/figure>\n\n\n\n<p><strong>Tarifs : 8 \u20ac \u00e0 15 \u20ac<\/strong><\/p>\n\n\n\n<h2 class=\"wp-block-heading has-text-align-center\"><strong><a href=\"https:\/\/www.ajecta.fr\/wp-content\/uploads\/2026\/03\/Bulletin_Inscription_TrainsOeufsPaques2026.pdf\">Bulletin d&rsquo;inscription<\/a><\/strong><\/h2>\n\n\n\n<p><\/p>\n","protected":false},"excerpt":{"rendered":"<p>Trains Vapeur Longueville &#8211; Provins, Aller et Retour Le Mus\u00e9e sera ouvert de 10h30 \u00e0 17h30 (entr\u00e9e 5\u20ac, gratuit pour les voyageurs des trains). TRAIN A VAPEUR LONGUEVILLE \/ PROVINS Un magnifique voyage dans la rame historique, des voitures voyageurs des ann\u00e9es 1920, tract\u00e9es par une locomotive \u00e0 vapeur de\u2026<\/p>\n<p class=\"continue-reading-button\"> <a class=\"continue-reading-link\" href=\"https:\/\/www.ajecta.fr\/?page_id=6668\">Continue reading<i class=\"crycon-right-dir\"><\/i><\/a><\/p>\n","protected":false},"author":1,"featured_media":0,"parent":0,"menu_order":0,"comment_status":"closed","ping_status":"closed","template":"","meta":{"footnotes":""},"class_list":["post-6668","page","type-page","status-publish","hentry"],"_links":{"self":[{"href":"https:\/\/www.ajecta.fr\/index.php?rest_route=\/wp\/v2\/pages\/6668","targetHints":{"allow":["GET"]}}],"collection":[{"href":"https:\/\/www.ajecta.fr\/index.php?rest_route=\/wp\/v2\/pages"}],"about":[{"href":"https:\/\/www.ajecta.fr\/index.php?rest_route=\/wp\/v2\/types\/page"}],"author":[{"embeddable":true,"href":"https:\/\/www.ajecta.fr\/index.php?rest_route=\/wp\/v2\/users\/1"}],"replies":[{"embeddable":true,"href":"https:\/\/www.ajecta.fr\/index.php?rest_route=%2Fwp%2Fv2%2Fcomments&post=6668"}],"version-history":[{"count":107,"href":"https:\/\/www.ajecta.fr\/index.php?rest_route=\/wp\/v2\/pages\/6668\/revisions"}],"predecessor-version":[{"id":7594,"href":"https:\/\/www.ajecta.fr\/index.php?rest_route=\/wp\/v2\/pages\/6668\/revisions\/7594"}],"wp:attachment":[{"href":"https:\/\/www.ajecta.fr\/index.php?rest_route=%2Fwp%2Fv2%2Fmedia&parent=6668"}],"curies":[{"name":"wp","href":"https:\/\/api.w.org\/{rel}","templated":true}]}}