{"id":6217,"date":"2023-09-19T11:24:54","date_gmt":"2023-09-19T10:24:54","guid":{"rendered":"https:\/\/www.ajecta.fr\/?page_id=6217"},"modified":"2023-12-11T14:06:58","modified_gmt":"2023-12-11T13:06:58","slug":"programme-2023","status":"publish","type":"page","link":"https:\/\/www.ajecta.fr\/?page_id=6217","title":{"rendered":"Programme 2023"},"content":{"rendered":"<div class=\"wp-block-image is-style-rounded\">\n<figure class=\"aligncenter size-large is-resized\"><img loading=\"lazy\" decoding=\"async\" src=\"https:\/\/www.ajecta.fr\/wp-content\/uploads\/2020\/04\/AJECTA_Blanc-639x168.jpg\" alt=\"\" class=\"wp-image-3732\" width=\"301\" height=\"79\" srcset=\"https:\/\/www.ajecta.fr\/wp-content\/uploads\/2020\/04\/AJECTA_Blanc.jpg 639w, https:\/\/www.ajecta.fr\/wp-content\/uploads\/2020\/04\/AJECTA_Blanc-300x79.jpg 300w\" sizes=\"auto, (max-width: 301px) 100vw, 301px\" \/><\/figure><\/div>\n\n\n<p class=\"has-text-align-right\">  &#8230;. C&rsquo;est du pass\u00e9.<\/p>\n\n\n\n<p class=\"has-text-align-right has-light-green-cyan-color has-text-color\"><em><a href=\"https:\/\/www.ajecta.fr\/?page_id=3897\" target=\"_blank\" rel=\"noreferrer noopener\">Festival Vapeur 2023 <\/a><\/em><\/p>\n\n\n\n<p class=\"has-text-align-right has-light-green-cyan-color has-text-color\"><em>Festival Emmenez-moi 2023<\/em><\/p>\n\n\n\n<p class=\"has-text-align-right has-light-green-cyan-color has-text-color\"><em>Journ\u00e9es du Savoir Fer 2023<\/em><\/p>\n\n\n\n<p class=\"has-text-align-right has-light-green-cyan-color has-text-color\"><em>Train de la Citrouille<\/em><\/p>\n\n\n\n<p class=\"has-text-align-right has-light-green-cyan-color has-text-color\"><em>Trains du P\u00e8re No\u00ebl<\/em><\/p>\n\n\n\n<p><\/p>\n\n\n\n<p><\/p>\n\n\n\n<p>Demande d\u2019infos : trains@ajecta.org<\/p>\n\n\n\n<p><a href=\"https:\/\/www.ajecta.fr\/wp-content\/uploads\/2023\/02\/AJECTA_CGVFev2023.pdf\" target=\"_blank\" rel=\"noreferrer noopener\">Conditions G\u00e9n\u00e9rales des Voyages et Animations AJECTA<\/a><\/p>\n\n\n\n<p>R\u00e9f\u00e9rences bancaires pour les virements : Nous contacter.<\/p>\n","protected":false},"excerpt":{"rendered":"<p>&#8230;. C&rsquo;est du pass\u00e9. Festival Vapeur 2023 Festival Emmenez-moi 2023 Journ\u00e9es du Savoir Fer 2023 Train de la Citrouille Trains du P\u00e8re No\u00ebl Demande d\u2019infos : trains@ajecta.org Conditions G\u00e9n\u00e9rales des Voyages et Animations AJECTA R\u00e9f\u00e9rences bancaires pour les virements : Nous contacter.<\/p>\n<p class=\"continue-reading-button\"> <a class=\"continue-reading-link\" href=\"https:\/\/www.ajecta.fr\/?page_id=6217\">Continue reading<i class=\"crycon-right-dir\"><\/i><\/a><\/p>\n","protected":false},"author":1,"featured_media":0,"parent":0,"menu_order":0,"comment_status":"closed","ping_status":"closed","template":"","meta":{"footnotes":""},"class_list":["post-6217","page","type-page","status-publish","hentry"],"_links":{"self":[{"href":"https:\/\/www.ajecta.fr\/index.php?rest_route=\/wp\/v2\/pages\/6217","targetHints":{"allow":["GET"]}}],"collection":[{"href":"https:\/\/www.ajecta.fr\/index.php?rest_route=\/wp\/v2\/pages"}],"about":[{"href":"https:\/\/www.ajecta.fr\/index.php?rest_route=\/wp\/v2\/types\/page"}],"author":[{"embeddable":true,"href":"https:\/\/www.ajecta.fr\/index.php?rest_route=\/wp\/v2\/users\/1"}],"replies":[{"embeddable":true,"href":"https:\/\/www.ajecta.fr\/index.php?rest_route=%2Fwp%2Fv2%2Fcomments&post=6217"}],"version-history":[{"count":47,"href":"https:\/\/www.ajecta.fr\/index.php?rest_route=\/wp\/v2\/pages\/6217\/revisions"}],"predecessor-version":[{"id":6343,"href":"https:\/\/www.ajecta.fr\/index.php?rest_route=\/wp\/v2\/pages\/6217\/revisions\/6343"}],"wp:attachment":[{"href":"https:\/\/www.ajecta.fr\/index.php?rest_route=%2Fwp%2Fv2%2Fmedia&parent=6217"}],"curies":[{"name":"wp","href":"https:\/\/api.w.org\/{rel}","templated":true}]}}