{"id":472,"date":"2016-08-06T19:33:48","date_gmt":"2016-08-06T18:33:48","guid":{"rendered":"http:\/\/www.ajecta.fr\/?page_id=472"},"modified":"2025-09-30T21:03:26","modified_gmt":"2025-09-30T20:03:26","slug":"restauration-de-la-rotonde-des-locomotives","status":"publish","type":"page","link":"https:\/\/www.ajecta.fr\/?page_id=472","title":{"rendered":"Restauration de la Rotonde des Locomotives"},"content":{"rendered":"<p><strong>Gr\u00e2ce au soutien de tr\u00e8s nombreux donateurs la Rotonde va \u00eatre restaur\u00e9e. Merci \u00e0 tous pour votre engagement et votre aide d\u00e9terminante ! Merci \u00e0 la Fondation du Patrimoine pour son soutient. <\/strong><\/p>\n<div id=\"Le projet : restaurer la rotonde ferroviaire de Longueville\" class=\"css-1shwvnx ea9pu280\">\n<h2 class=\"css-oe37yx ea9pu282\">Le projet : restaurer la rotonde ferroviaire de Longueville<\/h2>\n<\/div>\n<div class=\"css-w85ahs e1usttvo0\">\n<p>Au c\u0153ur de Longueville, la rotonde ferroviaire intrigue autant qu\u2019elle fascine : combien de visiteurs ont racont\u00e9 leur \u00e9merveillement en d\u00e9couvrant ce vaste \u00e9difice circulaire, t\u00e9moin de l\u2019\u00e2ge d\u2019or des locomotives ? Construite entre 1903 et 1906 par l\u2019ing\u00e9nieur Muntz pour la Compagnie de l\u2019Est, elle servait \u00e0 abriter et entretenir les machines qui faisaient battre les lignes r\u00e9gionales.<\/p>\n<p>D\u00e9j\u00e0 restaur\u00e9e en partie dans les ann\u00e9es 1990, la rotonde a travers\u00e9 des \u00e9preuves. D\u00e9j\u00e0 restaur\u00e9e dans les ann\u00e9es 1990, la rotonde a connu plusieurs campagnes : fa\u00e7ades arri\u00e8re en 2006, reconstruction apr\u00e8s un incendie en 2010, puis nouvelles trav\u00e9es en 2015. Aujourd\u2019hui, l\u2019\u00e9difice montre de graves signes de fragilit\u00e9 : charpentes ab\u00eem\u00e9es, toitures endommag\u00e9es, menuiseries fragilis\u00e9es.<\/p>\n<p>Le projet actuel vise \u00e0 reprendre en urgence les trav\u00e9es, restaurer les couvertures et ravaler les fa\u00e7ades, afin de sauvegarder ce patrimoine unique. Port\u00e9e par l\u2019association AJECTA, cette r\u00e9habilitation s\u2019inscrit dans une\u00a0<strong>longue histoire d\u2019engagement passionn\u00e9 au service de la m\u00e9moire ferroviaire<\/strong>. Ces efforts, men\u00e9s avec l\u2019Atelier Oriel, s\u2019inscrivent dans un projet de sauvegarde continue de ce\u00a0<strong>patrimoine ferroviaire unique<\/strong><\/p>\n<\/div>\n<p><img loading=\"lazy\" decoding=\"async\" class=\"wp-image-327 size-large\" style=\"color: initial;\" src=\"https:\/\/www.ajecta.fr\/wp-content\/uploads\/2016\/05\/RCDSC03204-1024x681.jpg\" alt=\"Ambiance nocturne sous la rotonde de Longueville (photo Ajecta)\" width=\"1024\" height=\"681\" srcset=\"https:\/\/www.ajecta.fr\/wp-content\/uploads\/2016\/05\/RCDSC03204.jpg 1024w, https:\/\/www.ajecta.fr\/wp-content\/uploads\/2016\/05\/RCDSC03204-300x200.jpg 300w, https:\/\/www.ajecta.fr\/wp-content\/uploads\/2016\/05\/RCDSC03204-768x511.jpg 768w, https:\/\/www.ajecta.fr\/wp-content\/uploads\/2016\/05\/RCDSC03204-226x150.jpg 226w, https:\/\/www.ajecta.fr\/wp-content\/uploads\/2016\/05\/RCDSC03204-150x100.jpg 150w\" sizes=\"auto, (max-width: 1024px) 100vw, 1024px\" \/><\/p>\n<div class=\"mceTemp\">\u00a0<\/div>\n<p><a href=\"https:\/\/www.fondation-patrimoine.org\/les-projets\/rotonde-ferroviaire-de-longueville\/2868\" target=\"_blank\" rel=\"noopener\">cliquer pour rejoindre la souscription en cours\u00a0<\/a><\/p>\n\n\n<p><\/p>\n","protected":false},"excerpt":{"rendered":"<p>Gr\u00e2ce au soutien de tr\u00e8s nombreux donateurs la Rotonde va \u00eatre restaur\u00e9e. Merci \u00e0 tous pour votre engagement et votre aide d\u00e9terminante ! Merci \u00e0 la Fondation du Patrimoine pour son soutient. Le projet : restaurer la rotonde ferroviaire de Longueville Au c\u0153ur de Longueville, la rotonde ferroviaire intrigue autant\u2026<\/p>\n<p class=\"continue-reading-button\"> <a class=\"continue-reading-link\" href=\"https:\/\/www.ajecta.fr\/?page_id=472\">Continue reading<i class=\"crycon-right-dir\"><\/i><\/a><\/p>\n","protected":false},"author":1,"featured_media":0,"parent":0,"menu_order":0,"comment_status":"closed","ping_status":"closed","template":"","meta":{"footnotes":""},"class_list":["post-472","page","type-page","status-publish","hentry"],"_links":{"self":[{"href":"https:\/\/www.ajecta.fr\/index.php?rest_route=\/wp\/v2\/pages\/472","targetHints":{"allow":["GET"]}}],"collection":[{"href":"https:\/\/www.ajecta.fr\/index.php?rest_route=\/wp\/v2\/pages"}],"about":[{"href":"https:\/\/www.ajecta.fr\/index.php?rest_route=\/wp\/v2\/types\/page"}],"author":[{"embeddable":true,"href":"https:\/\/www.ajecta.fr\/index.php?rest_route=\/wp\/v2\/users\/1"}],"replies":[{"embeddable":true,"href":"https:\/\/www.ajecta.fr\/index.php?rest_route=%2Fwp%2Fv2%2Fcomments&post=472"}],"version-history":[{"count":9,"href":"https:\/\/www.ajecta.fr\/index.php?rest_route=\/wp\/v2\/pages\/472\/revisions"}],"predecessor-version":[{"id":7357,"href":"https:\/\/www.ajecta.fr\/index.php?rest_route=\/wp\/v2\/pages\/472\/revisions\/7357"}],"wp:attachment":[{"href":"https:\/\/www.ajecta.fr\/index.php?rest_route=%2Fwp%2Fv2%2Fmedia&parent=472"}],"curies":[{"name":"wp","href":"https:\/\/api.w.org\/{rel}","templated":true}]}}