{"id":38,"date":"2016-01-24T14:57:53","date_gmt":"2016-01-24T13:57:53","guid":{"rendered":"http:\/\/www.ajecta.fr\/?page_id=38"},"modified":"2023-01-06T21:41:00","modified_gmt":"2023-01-06T20:41:00","slug":"le-projet-241p30","status":"publish","type":"page","link":"https:\/\/www.ajecta.fr\/?page_id=38","title":{"rendered":"Le projet 241P30"},"content":{"rendered":"<div class=\"wp-block-image\">\n<figure class=\"aligncenter is-resized\"><img loading=\"lazy\" decoding=\"async\" src=\"https:\/\/www.ajecta.fr\/wp-content\/uploads\/2019\/08\/00-Explicationsb-1024x451.jpg\" alt=\"\" class=\"wp-image-3261\" width=\"521\" height=\"229\" srcset=\"https:\/\/www.ajecta.fr\/wp-content\/uploads\/2019\/08\/00-Explicationsb-1024x451.jpg 1024w, https:\/\/www.ajecta.fr\/wp-content\/uploads\/2019\/08\/00-Explicationsb-300x132.jpg 300w, https:\/\/www.ajecta.fr\/wp-content\/uploads\/2019\/08\/00-Explicationsb.jpg 1200w\" sizes=\"auto, (max-width: 521px) 100vw, 521px\" \/><\/figure><\/div>\n\n\n<p>7 ans d\u2019attente pour mener \u00e0 bien cet \u00e9norme projet. R\u00e9alis\u00e9 sans anicroche du 11 au 22 Juin, 6 jours de pr\u00e9paration avec le soutient des \u00e9quipes de la CITEV et des b\u00e9n\u00e9voles du VVT, 2 jours de chargements, 2 jours de transports et 2 jours de d\u00e9chargement. S\u2019en suivra une longue remise en \u00e9tat de pr\u00e9sentation. Un grand merci \u00e0 tous ceux qui ont cru en nous et qui ont contribu\u00e9 \u00e0 la r\u00e9ussite de ce projet (Souscripteurs, Vapeur Val de Travers, CITEV , FOSELEV, DICK Transport, MAURY et bien entendu les membres b\u00e9n\u00e9voles de l\u2019AJECTA). Bravo \u00e0 tous. La souscription est toujours ouverte, n\u2019h\u00e9sitez pas \u00e0 contribuer pour acheter la peinture&#8230; Mais pas que.<\/p>\n\n\n\n<p><em><span style=\"color: #ffff00;\"><span style=\"color: #ff9900;\"><a href=\"https:\/\/www.ajecta.fr\/wp-content\/uploads\/2022\/03\/AJECTA_SouscriptionP30-v03_2022.pdf\">bulletin de souscription \u00e0 t\u00e9l\u00e9charger ICI<\/a><\/span><\/span><\/em><\/p>\n\n\n\n<form action=\"\/\/www.paypal.com\/cgi-bin\/webscr\" method=\"post\" target=\"_top\">\n<input type=\"hidden\" name=\"cmd\" value=\"_s-xclick\">\n<input type=\"hidden\" name=\"hosted_button_id\" value=\"CQ3LRTVCHENNS\">\n<input type=\"image\" src=\"\/\/www.paypalobjects.com\/fr_FR\/FR\/i\/btn\/btn_donateCC_LG.gif\" name=\"submit\" title=\"PayPal - The safer, easier way to pay online!\" alt=\"Donate with PayPal button\" border=\"0\">\n<img loading=\"lazy\" decoding=\"async\" alt=\"\" src=\"https:\/\/www.paypal.com\/fr_FR\/i\/scr\/pixel.gif\" width=\"1\" height=\"1\" border=\"0\">\n<\/form>\n\n\n<div class=\"wp-block-image\">\n<figure class=\"aligncenter size-large\"><img loading=\"lazy\" decoding=\"async\" width=\"1024\" height=\"768\" src=\"https:\/\/www.ajecta.fr\/wp-content\/uploads\/2023\/01\/IMG_20220928_161011red-1024x768.jpg\" alt=\"\" class=\"wp-image-5530\" srcset=\"https:\/\/www.ajecta.fr\/wp-content\/uploads\/2023\/01\/IMG_20220928_161011red-1024x768.jpg 1024w, https:\/\/www.ajecta.fr\/wp-content\/uploads\/2023\/01\/IMG_20220928_161011red-300x225.jpg 300w, https:\/\/www.ajecta.fr\/wp-content\/uploads\/2023\/01\/IMG_20220928_161011red.jpg 1152w\" sizes=\"auto, (max-width: 1024px) 100vw, 1024px\" \/><figcaption class=\"wp-element-caption\">La machine le 28 Septembre 2022<\/figcaption><\/figure><\/div>\n\n<div class=\"wp-block-image\">\n<figure class=\"aligncenter size-large\"><img loading=\"lazy\" decoding=\"async\" width=\"1024\" height=\"681\" src=\"https:\/\/www.ajecta.fr\/wp-content\/uploads\/2022\/05\/282699584_379967200819004_1624934036539420032_n-scaled-1024x681.jpg\" alt=\"\" class=\"wp-image-4964\" srcset=\"https:\/\/www.ajecta.fr\/wp-content\/uploads\/2022\/05\/282699584_379967200819004_1624934036539420032_n-scaled-1024x681.jpg 1024w, https:\/\/www.ajecta.fr\/wp-content\/uploads\/2022\/05\/282699584_379967200819004_1624934036539420032_n-scaled-300x199.jpg 300w\" sizes=\"auto, (max-width: 1024px) 100vw, 1024px\" \/><figcaption class=\"wp-element-caption\">La machine le 24 Mai 2022<\/figcaption><\/figure><\/div>\n\n\n<p><\/p>\n\n\n\n<p><em style=\"text-align: center;\"><span style=\"color: #00ff00;\"><strong>Ce Projet b\u00e9n\u00e9ficie du soutien du Cr\u00e9dit Agricole Brie Picardie via le Fonds de Dotation CA Brie Picardie M\u00e9c\u00e9nat \u00a7 Solidarit\u00e9<\/strong><\/span><\/em><\/p>\n\n\n\n<p class=\"has-text-align-center\"><a href=\"\/\/www.youtube.com\/watch?v=J1ABD6Oh5Mo\" target=\"_blank\" rel=\"noopener noreferrer\">Presentation de l&rsquo;AJECTA et du projet.<\/a><\/p>\n\n\n\n<p><a href=\"https:\/\/www.ajecta.fr\/wp-content\/uploads\/2022\/03\/AJECTA_SouscriptionP30-v03_2022.pdf\">A ce jour, compte tenu des al\u00e9as li\u00e9s aux transports, pour pouvoir poursuivre les travaux de restauration il nous manque toujours un peu plus de 25 000\u20ac&#8230;<\/a><\/p>\n\n\n\n<figure class=\"wp-block-image\"><img loading=\"lazy\" decoding=\"async\" width=\"1024\" height=\"496\" src=\"https:\/\/www.ajecta.fr\/wp-content\/uploads\/2019\/08\/IMG_5609_stitchb_red-1024x496.jpg\" alt=\"\" class=\"wp-image-3319\" srcset=\"https:\/\/www.ajecta.fr\/wp-content\/uploads\/2019\/08\/IMG_5609_stitchb_red-1024x496.jpg 1024w, https:\/\/www.ajecta.fr\/wp-content\/uploads\/2019\/08\/IMG_5609_stitchb_red-300x145.jpg 300w, https:\/\/www.ajecta.fr\/wp-content\/uploads\/2019\/08\/IMG_5609_stitchb_red.jpg 1587w\" sizes=\"auto, (max-width: 1024px) 100vw, 1024px\" \/><figcaption class=\"wp-element-caption\"> La machine en juillet 2019. <br><br><\/figcaption><\/figure>\n\n\n\n<figure class=\"wp-block-image\"><img loading=\"lazy\" decoding=\"async\" width=\"1024\" height=\"503\" src=\"https:\/\/www.ajecta.fr\/wp-content\/uploads\/2019\/08\/projetP30va-1024x503.jpg\" alt=\"\" class=\"wp-image-3321\" srcset=\"https:\/\/www.ajecta.fr\/wp-content\/uploads\/2019\/08\/projetP30va-1024x503.jpg 1024w, https:\/\/www.ajecta.fr\/wp-content\/uploads\/2019\/08\/projetP30va-300x147.jpg 300w, https:\/\/www.ajecta.fr\/wp-content\/uploads\/2019\/08\/projetP30va.jpg 1563w\" sizes=\"auto, (max-width: 1024px) 100vw, 1024px\" \/><figcaption class=\"wp-element-caption\"><strong>Un projet qui n&rsquo;attend que votre soutient&#8230;<\/strong><\/figcaption><\/figure>\n\n\n\n<div>&nbsp;<\/div>\n\n\n\n<p><\/p>\n","protected":false},"excerpt":{"rendered":"<p>7 ans d\u2019attente pour mener \u00e0 bien cet \u00e9norme projet. R\u00e9alis\u00e9 sans anicroche du 11 au 22 Juin, 6 jours de pr\u00e9paration avec le soutient des \u00e9quipes de la CITEV et des b\u00e9n\u00e9voles du VVT, 2 jours de chargements, 2 jours de transports et 2 jours de d\u00e9chargement. S\u2019en suivra\u2026<\/p>\n<p class=\"continue-reading-button\"> <a class=\"continue-reading-link\" href=\"https:\/\/www.ajecta.fr\/?page_id=38\">Continue reading<i class=\"crycon-right-dir\"><\/i><\/a><\/p>\n","protected":false},"author":1,"featured_media":0,"parent":0,"menu_order":0,"comment_status":"closed","ping_status":"closed","template":"","meta":{"footnotes":""},"class_list":["post-38","page","type-page","status-publish","hentry"],"_links":{"self":[{"href":"https:\/\/www.ajecta.fr\/index.php?rest_route=\/wp\/v2\/pages\/38","targetHints":{"allow":["GET"]}}],"collection":[{"href":"https:\/\/www.ajecta.fr\/index.php?rest_route=\/wp\/v2\/pages"}],"about":[{"href":"https:\/\/www.ajecta.fr\/index.php?rest_route=\/wp\/v2\/types\/page"}],"author":[{"embeddable":true,"href":"https:\/\/www.ajecta.fr\/index.php?rest_route=\/wp\/v2\/users\/1"}],"replies":[{"embeddable":true,"href":"https:\/\/www.ajecta.fr\/index.php?rest_route=%2Fwp%2Fv2%2Fcomments&post=38"}],"version-history":[{"count":73,"href":"https:\/\/www.ajecta.fr\/index.php?rest_route=\/wp\/v2\/pages\/38\/revisions"}],"predecessor-version":[{"id":5532,"href":"https:\/\/www.ajecta.fr\/index.php?rest_route=\/wp\/v2\/pages\/38\/revisions\/5532"}],"wp:attachment":[{"href":"https:\/\/www.ajecta.fr\/index.php?rest_route=%2Fwp%2Fv2%2Fmedia&parent=38"}],"curies":[{"name":"wp","href":"https:\/\/api.w.org\/{rel}","templated":true}]}}

<div class="wp-block-image">
<figure class="aligncenter is-resized"><img loading="lazy" decoding="async" src="https://www.ajecta.fr/wp-content/uploads/2019/08/00-Explicationsb-1024x451.jpg" alt="" class="wp-image-3261" width="521" height="229" srcset="https://www.ajecta.fr/wp-content/uploads/2019/08/00-Explicationsb-1024x451.jpg 1024w, https://www.ajecta.fr/wp-content/uploads/2019/08/00-Explicationsb-300x132.jpg 300w, https://www.ajecta.fr/wp-content/uploads/2019/08/00-Explicationsb.jpg 1200w" sizes="auto, (max-width: 521px) 100vw, 521px" /></figure></div>


<p>7 ans d’attente pour mener à bien cet énorme projet. Réalisé sans anicroche du 11 au 22 Juin, 6 jours de préparation avec le soutient des équipes de la CITEV et des bénévoles du VVT, 2 jours de chargements, 2 jours de transports et 2 jours de déchargement. S’en suivra une longue remise en état de présentation. Un grand merci à tous ceux qui ont cru en nous et qui ont contribué à la réussite de ce projet (Souscripteurs, Vapeur Val de Travers, CITEV , FOSELEV, DICK Transport, MAURY et bien entendu les membres bénévoles de l’AJECTA). Bravo à tous. La souscription est toujours ouverte, n’hésitez pas à contribuer pour acheter la peinture&#8230; Mais pas que.</p>



<p><em><span style="color: #ffff00;"><span style="color: #ff9900;"><a href="https://www.ajecta.fr/wp-content/uploads/2022/03/AJECTA_SouscriptionP30-v03_2022.pdf">bulletin de souscription à télécharger ICI</a></span></span></em></p>



<form action="//www.paypal.com/cgi-bin/webscr" method="post" target="_top">
<input type="hidden" name="cmd" value="_s-xclick">
<input type="hidden" name="hosted_button_id" value="CQ3LRTVCHENNS">
<input type="image" src="//www.paypalobjects.com/fr_FR/FR/i/btn/btn_donateCC_LG.gif" name="submit" title="PayPal - The safer, easier way to pay online!" alt="Donate with PayPal button" border="0">
<img loading="lazy" decoding="async" alt="" src="https://www.paypal.com/fr_FR/i/scr/pixel.gif" width="1" height="1" border="0">
</form>


<div class="wp-block-image">
<figure class="aligncenter size-large"><img loading="lazy" decoding="async" width="1024" height="768" src="https://www.ajecta.fr/wp-content/uploads/2023/01/IMG_20220928_161011red-1024x768.jpg" alt="" class="wp-image-5530" srcset="https://www.ajecta.fr/wp-content/uploads/2023/01/IMG_20220928_161011red-1024x768.jpg 1024w, https://www.ajecta.fr/wp-content/uploads/2023/01/IMG_20220928_161011red-300x225.jpg 300w, https://www.ajecta.fr/wp-content/uploads/2023/01/IMG_20220928_161011red.jpg 1152w" sizes="auto, (max-width: 1024px) 100vw, 1024px" /><figcaption class="wp-element-caption">La machine le 28 Septembre 2022</figcaption></figure></div>

<div class="wp-block-image">
<figure class="aligncenter size-large"><img loading="lazy" decoding="async" width="1024" height="681" src="https://www.ajecta.fr/wp-content/uploads/2022/05/282699584_379967200819004_1624934036539420032_n-scaled-1024x681.jpg" alt="" class="wp-image-4964" srcset="https://www.ajecta.fr/wp-content/uploads/2022/05/282699584_379967200819004_1624934036539420032_n-scaled-1024x681.jpg 1024w, https://www.ajecta.fr/wp-content/uploads/2022/05/282699584_379967200819004_1624934036539420032_n-scaled-300x199.jpg 300w" sizes="auto, (max-width: 1024px) 100vw, 1024px" /><figcaption class="wp-element-caption">La machine le 24 Mai 2022</figcaption></figure></div>


<p></p>



<p><em style="text-align: center;"><span style="color: #00ff00;"><strong>Ce Projet bénéficie du soutien du Crédit Agricole Brie Picardie via le Fonds de Dotation CA Brie Picardie Mécénat § Solidarité</strong></span></em></p>



<p class="has-text-align-center"><a href="//www.youtube.com/watch?v=J1ABD6Oh5Mo" target="_blank" rel="noopener noreferrer">Presentation de l&rsquo;AJECTA et du projet.</a></p>



<p><a href="https://www.ajecta.fr/wp-content/uploads/2022/03/AJECTA_SouscriptionP30-v03_2022.pdf">A ce jour, compte tenu des aléas liés aux transports, pour pouvoir poursuivre les travaux de restauration il nous manque toujours un peu plus de 25 000€&#8230;</a></p>



<figure class="wp-block-image"><img loading="lazy" decoding="async" width="1024" height="496" src="https://www.ajecta.fr/wp-content/uploads/2019/08/IMG_5609_stitchb_red-1024x496.jpg" alt="" class="wp-image-3319" srcset="https://www.ajecta.fr/wp-content/uploads/2019/08/IMG_5609_stitchb_red-1024x496.jpg 1024w, https://www.ajecta.fr/wp-content/uploads/2019/08/IMG_5609_stitchb_red-300x145.jpg 300w, https://www.ajecta.fr/wp-content/uploads/2019/08/IMG_5609_stitchb_red.jpg 1587w" sizes="auto, (max-width: 1024px) 100vw, 1024px" /><figcaption class="wp-element-caption"> La machine en juillet 2019. <br><br></figcaption></figure>



<figure class="wp-block-image"><img loading="lazy" decoding="async" width="1024" height="503" src="https://www.ajecta.fr/wp-content/uploads/2019/08/projetP30va-1024x503.jpg" alt="" class="wp-image-3321" srcset="https://www.ajecta.fr/wp-content/uploads/2019/08/projetP30va-1024x503.jpg 1024w, https://www.ajecta.fr/wp-content/uploads/2019/08/projetP30va-300x147.jpg 300w, https://www.ajecta.fr/wp-content/uploads/2019/08/projetP30va.jpg 1563w" sizes="auto, (max-width: 1024px) 100vw, 1024px" /><figcaption class="wp-element-caption"><strong>Un projet qui n&rsquo;attend que votre soutient&#8230;</strong></figcaption></figure>



<div>&nbsp;</div>



<p></p>

<p>7 ans d’attente pour mener à bien cet énorme projet. Réalisé sans anicroche du 11 au 22 Juin, 6 jours de préparation avec le soutient des équipes de la CITEV et des bénévoles du VVT, 2 jours de chargements, 2 jours de transports et 2 jours de déchargement. S’en suivra…</p>
<p class="continue-reading-button"> <a class="continue-reading-link" href="https://www.ajecta.fr/?page_id=38">Continue reading<i class="crycon-right-dir"></i></a></p>
