{"id":288,"date":"2016-04-20T23:04:13","date_gmt":"2016-04-20T22:04:13","guid":{"rendered":"http:\/\/www.ajecta.fr\/?page_id=288"},"modified":"2016-04-20T23:04:13","modified_gmt":"2016-04-20T22:04:13","slug":"reportage-le-train-des-oeufs-de-paques-2016","status":"publish","type":"page","link":"https:\/\/www.ajecta.fr\/?page_id=288","title":{"rendered":"Reportage : Le train des \u0153ufs de P\u00e2ques 2016"},"content":{"rendered":"<p>Le samedi 26 mars 2016 circulait le Train des \u0152ufs de P\u00e2ques. La locomotive 141 TB 424 de la AAATV de Mulhouse a \u00e9t\u00e9 allum\u00e9e pour remorquer deux navettes vapeur entre la rotonde de Longueville et Provins. Contrairement aux jours pr\u00e9c\u00e9dents, la m\u00e9t\u00e9o a \u00e9t\u00e9 tr\u00e8s cl\u00e9mente, notamment lors de la sortie de la machine hors de la remise.<\/p>\n<div id=\"attachment_298\" style=\"width: 810px\" class=\"wp-caption aligncenter\"><img loading=\"lazy\" decoding=\"async\" aria-describedby=\"caption-attachment-298\" class=\"size-full wp-image-298\" src=\"https:\/\/www.ajecta.fr\/wp-content\/uploads\/2016\/04\/paques2016_vapeur_longueville_sant3.jpg\" alt=\"La locomotive \u00e0 vapeur 141 TB 424 sur le pont tournant de Longueville\" width=\"800\" height=\"534\" srcset=\"https:\/\/www.ajecta.fr\/wp-content\/uploads\/2016\/04\/paques2016_vapeur_longueville_sant3.jpg 800w, https:\/\/www.ajecta.fr\/wp-content\/uploads\/2016\/04\/paques2016_vapeur_longueville_sant3-300x200.jpg 300w, https:\/\/www.ajecta.fr\/wp-content\/uploads\/2016\/04\/paques2016_vapeur_longueville_sant3-768x513.jpg 768w, https:\/\/www.ajecta.fr\/wp-content\/uploads\/2016\/04\/paques2016_vapeur_longueville_sant3-225x150.jpg 225w, https:\/\/www.ajecta.fr\/wp-content\/uploads\/2016\/04\/paques2016_vapeur_longueville_sant3-150x100.jpg 150w\" sizes=\"auto, (max-width: 800px) 100vw, 800px\" \/><p id=\"caption-attachment-298\" class=\"wp-caption-text\">La 141 TB 424 sur le pont tournant de Longueville (photo C. Santiciolli)<\/p><\/div>\n<div id=\"attachment_293\" style=\"width: 810px\" class=\"wp-caption aligncenter\"><img loading=\"lazy\" decoding=\"async\" aria-describedby=\"caption-attachment-293\" class=\"size-full wp-image-293\" src=\"https:\/\/www.ajecta.fr\/wp-content\/uploads\/2016\/04\/paques2016_vapeur_longueville_ber4.jpg\" alt=\"Tour de plaque pour la 141 TB 424 avant mise en t\u00eate\" width=\"800\" height=\"533\" srcset=\"https:\/\/www.ajecta.fr\/wp-content\/uploads\/2016\/04\/paques2016_vapeur_longueville_ber4.jpg 800w, https:\/\/www.ajecta.fr\/wp-content\/uploads\/2016\/04\/paques2016_vapeur_longueville_ber4-300x200.jpg 300w, https:\/\/www.ajecta.fr\/wp-content\/uploads\/2016\/04\/paques2016_vapeur_longueville_ber4-768x512.jpg 768w, https:\/\/www.ajecta.fr\/wp-content\/uploads\/2016\/04\/paques2016_vapeur_longueville_ber4-225x150.jpg 225w, https:\/\/www.ajecta.fr\/wp-content\/uploads\/2016\/04\/paques2016_vapeur_longueville_ber4-150x100.jpg 150w\" sizes=\"auto, (max-width: 800px) 100vw, 800px\" \/><p id=\"caption-attachment-293\" class=\"wp-caption-text\">Tour de plaque pour la 141 TB 424 avant mise en t\u00eate (photo AJECTA \/ PB)<\/p><\/div>\n<p style=\"text-align: center;\">La 141 TB 424 effectue une \u00e9volution pour se mettre en t\u00eate de la rame.<\/p>\n<div id=\"attachment_292\" style=\"width: 810px\" class=\"wp-caption aligncenter\"><img loading=\"lazy\" decoding=\"async\" aria-describedby=\"caption-attachment-292\" class=\"size-full wp-image-292\" src=\"https:\/\/www.ajecta.fr\/wp-content\/uploads\/2016\/04\/paques2016_vapeur_longueville_ber3.jpg\" alt=\"Evolution vers la t\u00eate de la rame\" width=\"800\" height=\"533\" srcset=\"https:\/\/www.ajecta.fr\/wp-content\/uploads\/2016\/04\/paques2016_vapeur_longueville_ber3.jpg 800w, https:\/\/www.ajecta.fr\/wp-content\/uploads\/2016\/04\/paques2016_vapeur_longueville_ber3-300x200.jpg 300w, https:\/\/www.ajecta.fr\/wp-content\/uploads\/2016\/04\/paques2016_vapeur_longueville_ber3-768x512.jpg 768w, https:\/\/www.ajecta.fr\/wp-content\/uploads\/2016\/04\/paques2016_vapeur_longueville_ber3-225x150.jpg 225w, https:\/\/www.ajecta.fr\/wp-content\/uploads\/2016\/04\/paques2016_vapeur_longueville_ber3-150x100.jpg 150w\" sizes=\"auto, (max-width: 800px) 100vw, 800px\" \/><p id=\"caption-attachment-292\" class=\"wp-caption-text\">Evolution vers la t\u00eate de la rame (photo AJECTA \/ PB)<\/p><\/div>\n<div id=\"attachment_294\" style=\"width: 810px\" class=\"wp-caption aligncenter\"><img loading=\"lazy\" decoding=\"async\" aria-describedby=\"caption-attachment-294\" class=\"size-full wp-image-294\" src=\"https:\/\/www.ajecta.fr\/wp-content\/uploads\/2016\/04\/paques2016_vapeur_longueville_ber5.jpg\" alt=\"La locomotive 141 TB 424 se met en t\u00eate de la rame\" width=\"800\" height=\"533\" srcset=\"https:\/\/www.ajecta.fr\/wp-content\/uploads\/2016\/04\/paques2016_vapeur_longueville_ber5.jpg 800w, https:\/\/www.ajecta.fr\/wp-content\/uploads\/2016\/04\/paques2016_vapeur_longueville_ber5-300x200.jpg 300w, https:\/\/www.ajecta.fr\/wp-content\/uploads\/2016\/04\/paques2016_vapeur_longueville_ber5-768x512.jpg 768w, https:\/\/www.ajecta.fr\/wp-content\/uploads\/2016\/04\/paques2016_vapeur_longueville_ber5-225x150.jpg 225w, https:\/\/www.ajecta.fr\/wp-content\/uploads\/2016\/04\/paques2016_vapeur_longueville_ber5-150x100.jpg 150w\" sizes=\"auto, (max-width: 800px) 100vw, 800px\" \/><p id=\"caption-attachment-294\" class=\"wp-caption-text\">La 141 TB 424 se met en t\u00eate de la rame (photo AJECTA \/ PB)<\/p><\/div>\n<p>La\u00a0rame quitte Longueville \u00e0\u00a0l&rsquo;heure pr\u00e9cise. Le respect de l&rsquo;horaire est tr\u00e8s important, le train \u00e0 vapeur devant s&rsquo;ins\u00e9rer sur une voie unique entre les circulations de deux transiliens.<\/p>\n<div id=\"attachment_297\" style=\"width: 810px\" class=\"wp-caption aligncenter\"><img loading=\"lazy\" decoding=\"async\" aria-describedby=\"caption-attachment-297\" class=\"size-full wp-image-297\" src=\"https:\/\/www.ajecta.fr\/wp-content\/uploads\/2016\/04\/paques2016_vapeur_longueville_man2.jpg\" alt=\"La navette vapeur s'\u00e9loigne vers Provins\" width=\"800\" height=\"517\" srcset=\"https:\/\/www.ajecta.fr\/wp-content\/uploads\/2016\/04\/paques2016_vapeur_longueville_man2.jpg 800w, https:\/\/www.ajecta.fr\/wp-content\/uploads\/2016\/04\/paques2016_vapeur_longueville_man2-300x194.jpg 300w, https:\/\/www.ajecta.fr\/wp-content\/uploads\/2016\/04\/paques2016_vapeur_longueville_man2-768x496.jpg 768w, https:\/\/www.ajecta.fr\/wp-content\/uploads\/2016\/04\/paques2016_vapeur_longueville_man2-232x150.jpg 232w, https:\/\/www.ajecta.fr\/wp-content\/uploads\/2016\/04\/paques2016_vapeur_longueville_man2-150x97.jpg 150w\" sizes=\"auto, (max-width: 800px) 100vw, 800px\" \/><p id=\"caption-attachment-297\" class=\"wp-caption-text\">La navette vapeur s&rsquo;\u00e9loigne en direction de Provins (photo T. Mansouri)<\/p><\/div>\n<div id=\"attachment_309\" style=\"width: 810px\" class=\"wp-caption aligncenter\"><img loading=\"lazy\" decoding=\"async\" aria-describedby=\"caption-attachment-309\" class=\"size-full wp-image-309\" src=\"https:\/\/www.ajecta.fr\/wp-content\/uploads\/2016\/04\/paques2016_vapeur_longueville_sant4-1.jpg\" alt=\"La navette quitte le faisceau du d\u00e9p\u00f4t de Longueville \" width=\"800\" height=\"534\" srcset=\"https:\/\/www.ajecta.fr\/wp-content\/uploads\/2016\/04\/paques2016_vapeur_longueville_sant4-1.jpg 800w, https:\/\/www.ajecta.fr\/wp-content\/uploads\/2016\/04\/paques2016_vapeur_longueville_sant4-1-300x200.jpg 300w, https:\/\/www.ajecta.fr\/wp-content\/uploads\/2016\/04\/paques2016_vapeur_longueville_sant4-1-768x513.jpg 768w, https:\/\/www.ajecta.fr\/wp-content\/uploads\/2016\/04\/paques2016_vapeur_longueville_sant4-1-225x150.jpg 225w, https:\/\/www.ajecta.fr\/wp-content\/uploads\/2016\/04\/paques2016_vapeur_longueville_sant4-1-150x100.jpg 150w\" sizes=\"auto, (max-width: 800px) 100vw, 800px\" \/><p id=\"caption-attachment-309\" class=\"wp-caption-text\">La navette quitte le faisceau du d\u00e9p\u00f4t de Longueville (photo C. Santiciolli)<\/p><\/div>\n<p style=\"text-align: center;\">La navette arrive \u00e0 Provins apr\u00e8s un petit quart d&rsquo;heure de voyage.<\/p>\n<div id=\"attachment_300\" style=\"width: 810px\" class=\"wp-caption aligncenter\"><img loading=\"lazy\" decoding=\"async\" aria-describedby=\"caption-attachment-300\" class=\"size-full wp-image-300\" src=\"https:\/\/www.ajecta.fr\/wp-content\/uploads\/2016\/04\/paques2016_vapeur_provins_sant1.jpg\" alt=\"Le train \u00e0 vapeur arrive \u00e0 Provins\" width=\"800\" height=\"533\" srcset=\"https:\/\/www.ajecta.fr\/wp-content\/uploads\/2016\/04\/paques2016_vapeur_provins_sant1.jpg 800w, https:\/\/www.ajecta.fr\/wp-content\/uploads\/2016\/04\/paques2016_vapeur_provins_sant1-300x200.jpg 300w, https:\/\/www.ajecta.fr\/wp-content\/uploads\/2016\/04\/paques2016_vapeur_provins_sant1-768x512.jpg 768w, https:\/\/www.ajecta.fr\/wp-content\/uploads\/2016\/04\/paques2016_vapeur_provins_sant1-225x150.jpg 225w, https:\/\/www.ajecta.fr\/wp-content\/uploads\/2016\/04\/paques2016_vapeur_provins_sant1-150x100.jpg 150w\" sizes=\"auto, (max-width: 800px) 100vw, 800px\" \/><p id=\"caption-attachment-300\" class=\"wp-caption-text\">Le train \u00e0 vapeur des \u0153ufs de P\u00e2ques arrive \u00e0 Provins (photo C. Santiciolli)<\/p><\/div>\n<p>Afin de repartir dans l&rsquo;autre sens, il faut d\u00e9crocher la machine et la faire \u00e9voluer sur une voie parall\u00e8le pour l&rsquo;atteler de l&rsquo;autre c\u00f4t\u00e9 de la rame.<\/p>\n<div id=\"attachment_301\" style=\"width: 810px\" class=\"wp-caption aligncenter\"><img loading=\"lazy\" decoding=\"async\" aria-describedby=\"caption-attachment-301\" class=\"size-full wp-image-301\" src=\"https:\/\/www.ajecta.fr\/wp-content\/uploads\/2016\/04\/paques2016_vapeur_provins_sant2.jpg\" alt=\"Remise en t\u00eate de la locomotive 141 TB 424\" width=\"800\" height=\"533\" srcset=\"https:\/\/www.ajecta.fr\/wp-content\/uploads\/2016\/04\/paques2016_vapeur_provins_sant2.jpg 800w, https:\/\/www.ajecta.fr\/wp-content\/uploads\/2016\/04\/paques2016_vapeur_provins_sant2-300x200.jpg 300w, https:\/\/www.ajecta.fr\/wp-content\/uploads\/2016\/04\/paques2016_vapeur_provins_sant2-768x512.jpg 768w, https:\/\/www.ajecta.fr\/wp-content\/uploads\/2016\/04\/paques2016_vapeur_provins_sant2-225x150.jpg 225w, https:\/\/www.ajecta.fr\/wp-content\/uploads\/2016\/04\/paques2016_vapeur_provins_sant2-150x100.jpg 150w\" sizes=\"auto, (max-width: 800px) 100vw, 800px\" \/><p id=\"caption-attachment-301\" class=\"wp-caption-text\">Evolution de la 141 TB 424 pour la remise en t\u00eate (photo C. Santiciolli)<\/p><\/div>\n<div id=\"attachment_302\" style=\"width: 810px\" class=\"wp-caption aligncenter\"><img loading=\"lazy\" decoding=\"async\" aria-describedby=\"caption-attachment-302\" class=\"size-full wp-image-302\" src=\"https:\/\/www.ajecta.fr\/wp-content\/uploads\/2016\/04\/paques2016_vapeur_provins_sant5.jpg\" alt=\"La locomotive 141 TB 424 se remet en t\u00eate\" width=\"800\" height=\"530\" srcset=\"https:\/\/www.ajecta.fr\/wp-content\/uploads\/2016\/04\/paques2016_vapeur_provins_sant5.jpg 800w, https:\/\/www.ajecta.fr\/wp-content\/uploads\/2016\/04\/paques2016_vapeur_provins_sant5-300x199.jpg 300w, https:\/\/www.ajecta.fr\/wp-content\/uploads\/2016\/04\/paques2016_vapeur_provins_sant5-768x509.jpg 768w, https:\/\/www.ajecta.fr\/wp-content\/uploads\/2016\/04\/paques2016_vapeur_provins_sant5-226x150.jpg 226w, https:\/\/www.ajecta.fr\/wp-content\/uploads\/2016\/04\/paques2016_vapeur_provins_sant5-150x99.jpg 150w\" sizes=\"auto, (max-width: 800px) 100vw, 800px\" \/><p id=\"caption-attachment-302\" class=\"wp-caption-text\">La 141 TB 424 se remet en t\u00eate de la rame (photo C. Santiciolli)<\/p><\/div>\n<p style=\"text-align: center;\">Une fois le Transilien arriv\u00e9, le train \u00e0 vapeur repart en direction de Longueville.<\/p>\n<div id=\"attachment_303\" style=\"width: 810px\" class=\"wp-caption aligncenter\"><img loading=\"lazy\" decoding=\"async\" aria-describedby=\"caption-attachment-303\" class=\"size-full wp-image-303\" src=\"https:\/\/www.ajecta.fr\/wp-content\/uploads\/2016\/04\/paques2016_vapeur_provins_sant6.jpg\" alt=\"Le train \u00e0 vapeur des oeufs de P\u00e2ques quitte Provins\" width=\"800\" height=\"533\" srcset=\"https:\/\/www.ajecta.fr\/wp-content\/uploads\/2016\/04\/paques2016_vapeur_provins_sant6.jpg 800w, https:\/\/www.ajecta.fr\/wp-content\/uploads\/2016\/04\/paques2016_vapeur_provins_sant6-300x200.jpg 300w, https:\/\/www.ajecta.fr\/wp-content\/uploads\/2016\/04\/paques2016_vapeur_provins_sant6-768x512.jpg 768w, https:\/\/www.ajecta.fr\/wp-content\/uploads\/2016\/04\/paques2016_vapeur_provins_sant6-225x150.jpg 225w, https:\/\/www.ajecta.fr\/wp-content\/uploads\/2016\/04\/paques2016_vapeur_provins_sant6-150x100.jpg 150w\" sizes=\"auto, (max-width: 800px) 100vw, 800px\" \/><p id=\"caption-attachment-303\" class=\"wp-caption-text\">D\u00e9part de la navette vapeur de la gare de Provins (photo C. Santiciolli)<\/p><\/div>\n<div id=\"attachment_296\" style=\"width: 810px\" class=\"wp-caption aligncenter\"><img loading=\"lazy\" decoding=\"async\" aria-describedby=\"caption-attachment-296\" class=\"size-full wp-image-296\" src=\"https:\/\/www.ajecta.fr\/wp-content\/uploads\/2016\/04\/paques2016_vapeur_longueville_man1.jpg\" alt=\"La navette vapeur revient de Provins\" width=\"800\" height=\"515\" srcset=\"https:\/\/www.ajecta.fr\/wp-content\/uploads\/2016\/04\/paques2016_vapeur_longueville_man1.jpg 800w, https:\/\/www.ajecta.fr\/wp-content\/uploads\/2016\/04\/paques2016_vapeur_longueville_man1-300x193.jpg 300w, https:\/\/www.ajecta.fr\/wp-content\/uploads\/2016\/04\/paques2016_vapeur_longueville_man1-768x494.jpg 768w, https:\/\/www.ajecta.fr\/wp-content\/uploads\/2016\/04\/paques2016_vapeur_longueville_man1-233x150.jpg 233w, https:\/\/www.ajecta.fr\/wp-content\/uploads\/2016\/04\/paques2016_vapeur_longueville_man1-150x97.jpg 150w\" sizes=\"auto, (max-width: 800px) 100vw, 800px\" \/><p id=\"caption-attachment-296\" class=\"wp-caption-text\">La navette revient de Provins (photo T. Mansouri)<\/p><\/div>\n<p>Entre\u00a0le retour\u00a0de la premi\u00e8re navette et le d\u00e9part de la seconde, une chasse aux \u0153ufs de P\u00e2ques est organis\u00e9e pour les enfants sur le stade de Longueville.<\/p>\n<div id=\"attachment_295\" style=\"width: 810px\" class=\"wp-caption aligncenter\"><img loading=\"lazy\" decoding=\"async\" aria-describedby=\"caption-attachment-295\" class=\"size-full wp-image-295\" src=\"https:\/\/www.ajecta.fr\/wp-content\/uploads\/2016\/04\/paques2016_vapeur_longueville_ber6.jpg\" alt=\"La chasse aux \u0153ufs de P\u00e2ques \u00e0 Longueville\" width=\"800\" height=\"533\" srcset=\"https:\/\/www.ajecta.fr\/wp-content\/uploads\/2016\/04\/paques2016_vapeur_longueville_ber6.jpg 800w, https:\/\/www.ajecta.fr\/wp-content\/uploads\/2016\/04\/paques2016_vapeur_longueville_ber6-300x200.jpg 300w, https:\/\/www.ajecta.fr\/wp-content\/uploads\/2016\/04\/paques2016_vapeur_longueville_ber6-768x512.jpg 768w, https:\/\/www.ajecta.fr\/wp-content\/uploads\/2016\/04\/paques2016_vapeur_longueville_ber6-225x150.jpg 225w, https:\/\/www.ajecta.fr\/wp-content\/uploads\/2016\/04\/paques2016_vapeur_longueville_ber6-150x100.jpg 150w\" sizes=\"auto, (max-width: 800px) 100vw, 800px\" \/><p id=\"caption-attachment-295\" class=\"wp-caption-text\">La chasse aux \u0153ufs de P\u00e2ques (photo Ajecta \/PB)<\/p><\/div>\n<p>La seconde navette se d\u00e9roule dans les m\u00eames conditions que la premi\u00e8re. Au retour, des voyageurs prennent le temps de converser avec l&rsquo;\u00e9quipe de conduite.<\/p>\n<div id=\"attachment_304\" style=\"width: 810px\" class=\"wp-caption aligncenter\"><img loading=\"lazy\" decoding=\"async\" aria-describedby=\"caption-attachment-304\" class=\"size-full wp-image-304\" src=\"https:\/\/www.ajecta.fr\/wp-content\/uploads\/2016\/04\/paques2016_vapeur_longueville_ber7.jpg\" alt=\"Arriv\u00e9e de la locomotive 141 TB 424\" width=\"800\" height=\"533\" srcset=\"https:\/\/www.ajecta.fr\/wp-content\/uploads\/2016\/04\/paques2016_vapeur_longueville_ber7.jpg 800w, https:\/\/www.ajecta.fr\/wp-content\/uploads\/2016\/04\/paques2016_vapeur_longueville_ber7-300x200.jpg 300w, https:\/\/www.ajecta.fr\/wp-content\/uploads\/2016\/04\/paques2016_vapeur_longueville_ber7-768x512.jpg 768w, https:\/\/www.ajecta.fr\/wp-content\/uploads\/2016\/04\/paques2016_vapeur_longueville_ber7-225x150.jpg 225w, https:\/\/www.ajecta.fr\/wp-content\/uploads\/2016\/04\/paques2016_vapeur_longueville_ber7-150x100.jpg 150w\" sizes=\"auto, (max-width: 800px) 100vw, 800px\" \/><p id=\"caption-attachment-304\" class=\"wp-caption-text\">Conversation \u00e0 l&rsquo;arriv\u00e9e avec l&rsquo;\u00e9quipe de conduite (photo AJECTA \/ PB)<\/p><\/div>\n<p>Apr\u00e8s quelques tours d&rsquo;honneur sur le pont tournant du d\u00e9p\u00f4t, la machine est remis\u00e9e sous la rotonde jusqu&rsquo;\u00e0 son prochain allumage.<\/p>\n<div id=\"attachment_291\" style=\"width: 810px\" class=\"wp-caption aligncenter\"><img loading=\"lazy\" decoding=\"async\" aria-describedby=\"caption-attachment-291\" class=\"size-full wp-image-291\" src=\"https:\/\/www.ajecta.fr\/wp-content\/uploads\/2016\/04\/paques2016_vapeur_longueville_ber2.jpg\" alt=\"Tour d'honneur de la machine et de son \u00e9quipe\" width=\"800\" height=\"999\" srcset=\"https:\/\/www.ajecta.fr\/wp-content\/uploads\/2016\/04\/paques2016_vapeur_longueville_ber2.jpg 800w, https:\/\/www.ajecta.fr\/wp-content\/uploads\/2016\/04\/paques2016_vapeur_longueville_ber2-240x300.jpg 240w, https:\/\/www.ajecta.fr\/wp-content\/uploads\/2016\/04\/paques2016_vapeur_longueville_ber2-768x959.jpg 768w, https:\/\/www.ajecta.fr\/wp-content\/uploads\/2016\/04\/paques2016_vapeur_longueville_ber2-120x150.jpg 120w\" sizes=\"auto, (max-width: 800px) 100vw, 800px\" \/><p id=\"caption-attachment-291\" class=\"wp-caption-text\">Tour d&rsquo;honneur de la machine et de son \u00e9quipe (photo AJECTA \/ PB)<\/p><\/div>\n<div id=\"attachment_290\" style=\"width: 810px\" class=\"wp-caption aligncenter\"><img loading=\"lazy\" decoding=\"async\" aria-describedby=\"caption-attachment-290\" class=\"size-full wp-image-290\" src=\"https:\/\/www.ajecta.fr\/wp-content\/uploads\/2016\/04\/paques2016_vapeur_longueville_ber1.jpg\" alt=\"Service termin\u00e9. La 141 TB 424 s'appr\u00eate \u00e0 rentrer sous la remise\" width=\"800\" height=\"522\" srcset=\"https:\/\/www.ajecta.fr\/wp-content\/uploads\/2016\/04\/paques2016_vapeur_longueville_ber1.jpg 800w, https:\/\/www.ajecta.fr\/wp-content\/uploads\/2016\/04\/paques2016_vapeur_longueville_ber1-300x196.jpg 300w, https:\/\/www.ajecta.fr\/wp-content\/uploads\/2016\/04\/paques2016_vapeur_longueville_ber1-768x501.jpg 768w, https:\/\/www.ajecta.fr\/wp-content\/uploads\/2016\/04\/paques2016_vapeur_longueville_ber1-230x150.jpg 230w, https:\/\/www.ajecta.fr\/wp-content\/uploads\/2016\/04\/paques2016_vapeur_longueville_ber1-150x98.jpg 150w\" sizes=\"auto, (max-width: 800px) 100vw, 800px\" \/><p id=\"caption-attachment-290\" class=\"wp-caption-text\">Service termin\u00e9. La 141 TB 424 s&rsquo;appr\u00eate \u00e0 rentrer sous la remise (photo AJECTA \/ PB)<\/p><\/div>\n<p style=\"text-align: center;\">Prochaine sortie le samedi 02 juillet 2016 pour un aller-retour Longueville \/ Moret sur Loing.<\/p>\n","protected":false},"excerpt":{"rendered":"<p>Le samedi 26 mars 2016 circulait le Train des \u0152ufs de P\u00e2ques. La locomotive 141 TB 424 de la AAATV de Mulhouse a \u00e9t\u00e9 allum\u00e9e pour remorquer deux navettes vapeur entre la rotonde de Longueville et Provins. Contrairement aux jours pr\u00e9c\u00e9dents, la m\u00e9t\u00e9o a \u00e9t\u00e9 tr\u00e8s cl\u00e9mente, notamment lors de\u2026<\/p>\n<p class=\"continue-reading-button\"> <a class=\"continue-reading-link\" href=\"https:\/\/www.ajecta.fr\/?page_id=288\">Continue reading<i class=\"crycon-right-dir\"><\/i><\/a><\/p>\n","protected":false},"author":2,"featured_media":0,"parent":55,"menu_order":0,"comment_status":"closed","ping_status":"closed","template":"","meta":{"footnotes":""},"class_list":["post-288","page","type-page","status-publish","hentry"],"_links":{"self":[{"href":"https:\/\/www.ajecta.fr\/index.php?rest_route=\/wp\/v2\/pages\/288","targetHints":{"allow":["GET"]}}],"collection":[{"href":"https:\/\/www.ajecta.fr\/index.php?rest_route=\/wp\/v2\/pages"}],"about":[{"href":"https:\/\/www.ajecta.fr\/index.php?rest_route=\/wp\/v2\/types\/page"}],"author":[{"embeddable":true,"href":"https:\/\/www.ajecta.fr\/index.php?rest_route=\/wp\/v2\/users\/2"}],"replies":[{"embeddable":true,"href":"https:\/\/www.ajecta.fr\/index.php?rest_route=%2Fwp%2Fv2%2Fcomments&post=288"}],"version-history":[{"count":0,"href":"https:\/\/www.ajecta.fr\/index.php?rest_route=\/wp\/v2\/pages\/288\/revisions"}],"up":[{"embeddable":true,"href":"https:\/\/www.ajecta.fr\/index.php?rest_route=\/wp\/v2\/pages\/55"}],"wp:attachment":[{"href":"https:\/\/www.ajecta.fr\/index.php?rest_route=%2Fwp%2Fv2%2Fmedia&parent=288"}],"curies":[{"name":"wp","href":"https:\/\/api.w.org\/{rel}","templated":true}]}}